
Is 11182434277 a composite number?
True
Is 1161196607 a prime number?
False
Is 11929729369 composite?
True
Is 9339551665 prime?
False
Is 14788501811 composite?
False
Is 87425049211 a composite number?
True
Is 725080619 a composite number?
False
Is 1259179631 a composite number?
False
Is 107140927 a prime number?
False
Is 7142501131 a composite number?
False
Is 6549253679 composite?
False
Is 8951333847 a composite number?
True
Is 108612913307 prime?
True
Is 104413663141 prime?
False
Is 475526789 prime?
True
Is 1181916409 prime?
True
Is 49241689355 composite?
True
Is 3582854423 prime?
False
Is 14171849 a prime number?
True
Is 14970956057 a prime number?
False
Is 73581824611 composite?
False
Is 97652498617 composite?
False
Is 856233529 prime?
False
Is 7101995059 a composite number?
False
Is 1247553793 composite?
False
Is 1580810843 prime?
False
Is 79627927907 a composite number?
True
Is 617396477 prime?
False
Is 4400425891 composite?
False
Is 4577750977 a composite number?
True
Is 169422751 a composite number?
True
Is 3159554159 a prime number?
False
Is 2010886237 a composite number?
True
Is 463463927 prime?
True
Is 2707792511 prime?
True
Is 5135097769 composite?
False
Is 39918410153 a prime number?
True
Is 12723162611 prime?
True
Is 40608699623 composite?
True
Is 2263578202 a prime number?
False
Is 4729426127 a composite number?
False
Is 1919744081 prime?
False
Is 53091943 composite?
True
Is 1485784049 a composite number?
True
Is 925177739 a prime number?
True
Is 14645912851 a prime number?
True
Is 528665749 a composite number?
True
Is 120110432879 composite?
True
Is 14037480539 prime?
False
Is 14992202917 a prime number?
True
Is 82752838567 a prime number?
False
Is 949646501 composite?
True
Is 28151208499 composite?
True
Is 80641101 a prime number?
False
Is 2275963223 prime?
True
Is 8481630397 composite?
True
Is 660441179 composite?
True
Is 479341327 a composite number?
True
Is 717235993 a prime number?
True
Is 13266522683 a prime number?
False
Is 173397247 a prime number?
False
Is 4305643387 composite?
False
Is 2074551019 a composite number?
True
Is 152966111 a prime number?
True
Is 730205299 a composite number?
True
Is 12105891367 a composite number?
False
Is 5942085869 prime?
True
Is 1046033593 a composite number?
True
Is 25271851327 composite?
False
Is 5584212083 prime?
False
Is 197919939901 composite?
False
Is 222691181 a prime number?
True
Is 89072656703 composite?
False
Is 32466282847 a prime number?
True
Is 1537761283 composite?
False
Is 4036221779 composite?
False
Is 4636437599 a prime number?
True
Is 44480198489 prime?
True
Is 134903633 prime?
True
Is 346740799 prime?
True
Is 3481461923 prime?
True
Is 156210515293 a composite number?
True
Is 2061900263 prime?
True
Is 1927053517 a prime number?
False
Is 384878693 composite?
False
Is 758758961 composite?
True
Is 1015334273 a composite number?
False
Is 1097290457 a prime number?
False
Is 629172437 a prime number?
True
Is 17177018259 prime?
False
Is 411864043 a prime number?
True
Is 8173966901 composite?
True
Is 6654203153 prime?
False
Is 1727816617 a prime number?
False
Is 6563583281 a prime number?
True
Is 1029745657 a composite number?
False
Is 32047554767 prime?
True
Is 1366086577 composite?
False
Is 819325333 a prime number?
False
Is 50741187251 composite?
True
Is 350696417 prime?
False
Is 149594179613 prime?
True
Is 2476614469 a prime number?
False
Is 957868837 a composite number?
True
Is 89297273 prime?
False
Is 246197591 composite?
False
Is 69156895307 a prime number?
True
Is 2122826491 composite?
False
Is 4699363663 a prime number?
True
Is 2151022219 a composite number?
False
Is 17160281069 composite?
False
Is 128525779 a composite number?
True
Is 8997230963 a composite number?
True
Is 10321484263 a prime number?
True
Is 6081381589 a prime number?
True
Is 42922504763 prime?
False
Is 45431938117 a composite number?
True
Is 20298140809 prime?
False
Is 4873086163 a prime number?
False
Is 2082756107 composite?
True
Is 35075631895 a prime number?
False
Is 298330342 a prime number?
False
Is 58112103913 a composite number?
False
Is 5288306243 composite?
True
Is 2989874423 a prime number?
True
Is 392879119 a prime number?
False
Is 1388854 prime?
False
Is 28916232223 prime?
False
Is 261809279 a composite number?
False
Is 919468969 composite?
False
Is 51444497101 composite?
False
Is 21029531423 composite?
False
Is 45783707 a prime number?
True
Is 185282943059 prime?
False
Is 1897993789 a prime number?
True
Is 3113668333 composite?
False
Is 15194709797 prime?
True
Is 2105490967 a composite number?
True
Is 41124667039 a composite number?
False
Is 29390111 prime?
False
Is 2451797597 composite?
True
Is 84790639151 a prime number?
False
Is 1792755257 a composite number?
False
Is 17254076227 a prime number?
False
Is 20278560515 composite?
True
Is 65525950715 composite?
True
Is 270926489 a composite number?
False
Is 17407782551 a composite number?
False
Is 27848889749 a composite number?
True
Is 123115425169 composite?
True
Is 367125889 a prime number?
False
Is 11482909489 composite?
False
Is 14227343071 a composite number?
False
Is 5674848269 a prime number?
True
Is 25267538213 a composite number?
False
Is 251791513 a prime number?
True
Is 51864859 composite?
True
Is 45604643849 composite?
False
Is 492731935 a prime number?
False
Is 202454419 composite?
False
Is 2063279831 composite?
False
Is 219228287 composite?
False
Is 4485771307 a prime number?
True
Is 72505311119 a prime number?
True
Is 29724570271 a composite number?
True
Is 667922147 composite?
True
Is 300630937 a prime number?
True
Is 3875847919 prime?
True
Is 11188754419 a composite number?
True
Is 4672195417 a prime number?
False
Is 1518346229 a composite number?
False
Is 111652198663 a composite number?
False
Is 9140058913 prime?
True
Is 418820729 a composite number?
True
Is 12934515763 a composite number?
True
Is 41339935123 prime?
False
Is 3922178489 composite?
True
Is 1473777257 composite?
False
Is 2730678421 composite?
False
Is 84081401 prime?
False
Is 112771463 a composite number?
True
Is 480047453 prime?
True
Is 1112470357 a prime number?
True
Is 937657517 prime?
True
Is 24480313981 composite?
False
Is 23664622991 prime?
True
Is 381586081 composite?
False
Is 1116126079 a composite number?
True
Is 53595494461 a prime number?
True
Is 509428249 prime?
False
Is 805895791 prime?
True
Is 111197233997 prime?
True
Is 29392361945 a prime number?
False
Is 1377054397 composite?
True
Is 411069539 prime?
True
Is 313143143 composite?
False
Is 16465210747 prime?
True
Is 77034149 prime?
True
Is 3300514565 a prime number?
False
Is 140536681 a prime number?
False
Is 782912059 a prime number?
True
Is 554080711 a composite number?
True
Is 2064535883 a composite number?
False
Is 9024043561 prime?
False
Is 5448001759 a composite number?
True
Is 113986101707 prime?
False
Is 4613595829 a composite number?
True
Is 2886079303 composite?
True
Is 52479789797 a prime number?
True
Is 247969731 a prime number?
False
Is 55870361 composite?
False
Is 3698434297 a prime number?
False
Is 6656569055 composite?
True
Is 92824531 a composite number?
False
Is 1424037587 a composite number?
True
Is 228008281 prime?
True
Is 39027289009 a composite number?
False
Is 6600971283 prime?
False
Is 12122838587 composite?
True
Is 699761353 composite?
True
Is 35942049391 a prime number?
False
Is 189326509 composite?
True
Is 5840119709 a composite number?
False
Is 60501613843 composite?
True
Is 5242874159 composite?
False
Is 22157489 a composite number?
True
Is 1902770363 composite?
True
Is 1931809489 a composite number?
True
Is 29526291019 prime?
False
Is 722334473 composite?
True
Is 1194227981 prime?
False
Is 1709639161 prime?
True
Is 10733927459 a prime number?
False
Is 449704157 a prime number?
False
Is 5126688989 a prime number?
True
Is 13769702369 a composite number?
False
Is 956842357 a composite number?
False
Is 5410286671 a composite number?
False
Is 9300054823 composite?
True
Is 3784161907 composite?
False
Is 1340688311 a composite number?
False
Is 322246058171 composite?
False
Is 2840638147 prime?
False
Is 236558857 a composite number?
False
Is 20637568471 composite?
True
Is 6684611 prime?
False
Is 2422258109 composite?
False
Is 2801227447 a prime number?
False
Is 